pose -v = h - 9, -v + t*h + 15 = -2. What is the units digit of v?
1
Let o(d) = -d**3 - 4*d**2 + d - 1. Let z be o(-4). Suppose -4*w = -3*f + 58, f + 5*w = -5 - 1. Let q = z + f. What is the units digit of q?
9
Let g = -5 + 8. What is the tens digit of -14*((-3)/1)/g?
1
Let g be 5*(2 - 24/15). Suppose n + 11 = 3*y, 4*n - 6*n = -y + g. Suppose v - 1 - y = 0. What is the units digit of v?
5
Suppose -2*l = -3*c + 35, c - 2*l = 3*l - 10. What is the tens digit of c?
1
Let t be 0 - (1 + (3 - 56/4)). Let u be (-1)/(-2) + 2/(-4). Suppose u = -h - t + 21. What is the units digit of h?
1
Let i = 14 - -37. What is the tens digit of i?
5
Let h = 7 - 9. What is the units digit of ((-1)/(-3))/(h/(-42))?
7
Let s(b) = -5*b**3 - 5*b**2 - 14*b + 5. Let i(r) = 4*r**3 + 6*r**2 + 13*r - 6. Let m(k) = -4*i(k) - 3*s(k). What is the tens digit of m(-8)?
2
Suppose 5*x + 0*x = 80. Suppose -k - 4*t = k - x, 2*t + 40 = 5*k. What is the units digit of k?
8
Let v = 8 - 5. Let p be ((-16)/(-12))/(1/v). Suppose p*a - 26 = 2. What is the units digit of a?
7
Suppose 3*h - 2*y + 28 = -4*y, -45 = 5*h + 3*y. Let s be 6/(-4)*h/(-3). What is the units digit of (-2)/s*3/2?
1
Suppose -36 = -3*z + 279. What is the units digit of z?
5
Let d = 0 - -2. Let y be 2*d*(-2)/(-8). What is the units digit of (-6)/3*(y + -6)?
0
Suppose b - 13 + 11 = 0. Suppose -24 = -0*q + 2*q. Let a = b - q. What is the tens digit of a?
1
Let d = -265 + 141. Let q be (d/(-6))/((-4)/(-6)). Suppose 0*k = -3*a + 4*k + q, 0 = -a - 4*k + 37. What is the tens digit of a?
1
Let f = 0 - 4. Let v be -3 - 0/(-3) - f. What is the tens digit of (88/16)/(v/2)?
1
Let u = -5 - -7. Suppose 2*c = -u*c + 60. What is the tens digit of c?
1
Suppose -160 = 2*r - 7*r. What is the tens digit of r?
3
Let t(i) be the first derivative of i**4/4 - 4*i**3/3 - 5*i**2/2 + 4*i - 2. What is the units digit of t(5)?
4
Let c(g) = -2*g**3 - 4*g**2 - 5*g - 4. What is the units digit of c(-3)?
9
Suppose 0 = 3*s + 2*s - 10. Suppose -2*t + 60 = s*t. What is the tens digit of t?
1
Let o(k) = -2*k**3 - k. Let s be o(-1). Suppose 0 = s*y - 2*q - 9, -4*q + 7 = -5*y - 8*q. What is the units digit of y?
1
Suppose 4*t = t - 21. What is the units digit of t/(-1) + 2 + -4?
5
Suppose -39 = 4*a + 2*y - 123, y = 0. Let t = a - 11. What is the tens digit of t?
1
Suppose -5*m + 10 = -15. Suppose -k = m*n - 20, -n = -3*n + 4*k + 8. What is the units digit of n?
4
What is the hundreds digit of (5 - 5922/(-27)) + 1/(-3)?
2
Let g be -5*((-54)/(-15))/3. Let f be 44/(-4)*g*1. Suppose 4*i - i = f. What is the units digit of i?
2
Let a = 71 + 82. Suppose -3*u = 12 - a. What is the units digit of u?
7
Let n(x) = 7*x**2 + 2*x + 3. Let i be 2 + -1 + (3 - 6). What is the units digit of n(i)?
7
Let a = 105 - 69. What is the tens digit of a?
3
Let n = 0 - -2. What is the units digit of n?
2
Suppose -3*c = 5*z - 435, -4*c + 3*z - 5*z = -566. What is the tens digit of 3/(2 - 268/c)?
3
Let z(h) = -4*h. Let o be z(6). Let b be (-4)/10 - o/10. What is the units digit of b*1/(-4)*-6?
3
Suppose 3*s + 2*s + 50 = 0. Let g = -2 - s. What is the units digit of g?
8
Let b(z) = 3*z - 10. Let p(k) = k**3 + 6*k**2 + 6*k. Let j be p(-4). Let l be b(j). Suppose -r - r = -l. What is the units digit of r?
7
Let f = -140 + 215. Suppose -5*i = -0*i - f. Suppose -3 = -3*k + i. What is the units digit of k?
6
Suppose -q - 4*q + 5*l = 20, -5*q = -4*l + 22. Let z(u) = -u + 1. Let g be z(-13). Let j = q + g. What is the units digit of j?
8
Suppose 2*x + 3 = z - 2, 3*x - 15 = -3*z. Suppose l - 3*n = -z, l - n = n. What is the tens digit of l?
1
Let y(s) = -4*s + 3. Let r be y(-4). Let t = -4 + r. What is the units digit of t?
5
Let c(a) = a**3 - a**2 - 2*a + 3. Let i be c(3). What is the units digit of i + 1*2/(-2)?
4
Let i(y) = -8*y**2 - y. Let w be i(-1). Let k(m) be the first derivative of -m**2 - 2*m - 3. What is the tens digit of k(w)?
1
Suppose 0*a + 3*a = 6. Suppose -2*l = -l - 3. Suppose -a*p - 18 = -l*d + 3, 3*p - 6 = -3*d. What is the units digit of d?
5
Let s = -112 + 128. What is the units digit of s?
6
Let w(l) = -l**2 - 3*l + 3. Let n be w(2). Let b(y) = y**2 + 6*y - 4. Let t be b(-6). Let a = t - n. What is the units digit of a?
3
Suppose -2*c + 6*c = 0. Suppose 0 = -4*x + 4*f + 28, c = 3*x - f + 4*f + 9. What is the units digit of x?
2
Let w = -4 - -3. Let o be w + (-7)/(7/36). Let x = o + 54. What is the units digit of x?
7
Suppose 3*s + 8 = -s. Let f = 18 - 3. What is the units digit of s*(f/(-6) + 0)?
5
Suppose 2*h = 76 + 30. What is the tens digit of h?
5
Suppose 3*l - 4*q - 10 = 2, -3*q = -l - 1. Suppose -l*w + 5*w = -24. What is the units digit of w?
8
Suppose 2*o - 22 = -5*j, -4 = -j - 2*o + 2. What is the units digit of j?
4
Suppose -3*a = -45 - 57. What is the tens digit of a?
3
Let j = -1 + 5. Suppose -j*x + 68 = -0*x. What is the units digit of x?
7
Let y = 363 + -235. What is the tens digit of y?
2
Suppose -v + 0 = -3. What is the units digit of v?
3
Let r(p) = p**2 - 4*p - 10. Let f be r(8). Let z = f - -2. What is the units digit of z?
4
Suppose -9*u + 10*u - 45 = 0. What is the tens digit of u?
4
Suppose -2*g + 9 - 11 = 0. What is the units digit of (-8)/(-4)*(2 + g)?
2
Let o(g) = -g**2 - 9*g - 4. Let d be o(-8). Let p = -1 + 5. Suppose p*w + m = 2*w + 14, 8 = -d*m. What is the units digit of w?
8
Suppose -9*s + 3*y = -5*s - 29, -y = 3. Let g = s + 14. What is the units digit of g?
9
Suppose -16 + 3 = -3*o + 2*i, 5*i - 5 = 0. Suppose 0 = 3*u - 5*q - 65, -2*q + o*q = -3*u + 33. What is the tens digit of u?
1
Suppose 5*h = 3*q - 46, 2*q + 17 = h - 2*h. Let c(j) = j**2 + 9*j - 4. What is the units digit of c(h)?
8
Suppose 24 = 4*v - 2*v - k, -18 = -v + 2*k. What is the units digit of v?
0
Let q(g) = g**2 - 6*g + 7. Let d be q(5). Suppose -t + 33 = -p - 3*p, 0 = d*p - 2*t + 12. What is the units digit of (-3)/p + (-11)/(-3)?
4
Suppose 3*h = -0*t + 2*t - 52, 4*t = h + 114. Suppose -4*z + 26 = -0*j - 2*j, z = 5*j + t. What is the units digit of z?
4
Let v be (-20*(-1)/2)/(-2). What is the units digit of 82/4 + v/10?
0
Suppose 0 = -5*t + 3*b + 613, -2*t + 2*b - 43 = -285. What is the hundreds digit of t?
1
Let c = -4 - -12. What is the units digit of (42/c)/(6/16)?
4
Let y = 57 - 37. What is the units digit of y + 1*(2 + -1)?
1
What is the units digit of (4 + -1)/((-1)/(-11))?
3
What is the tens digit of 5 - 1 - -47 - 4?
4
Let f(g) = g**2 + 6*g + 9. Let s be f(-9). Suppose s = z + z. What is the tens digit of z?
1
Let n = 270 + -110. Suppose -5*c + n = 20. What is the tens digit of c?
2
Let c be (-8)/(-12)*(4 - 1). Suppose -3*p + 25 = n, -8 - 32 = -c*n + 4*p. What is the tens digit of n?
2
Suppose 5*n + 3*f = 276, 1 = -2*f - 5. What is the units digit of n?
7
Let g(r) be the first derivative of r**2/2 - r + 2. Let f be g(3). Suppose 0 = 2*w + 2, -f*u + 4*w - 4 = -3*u. What is the units digit of u?
8
Suppose -2*u = -7*u + 5. What is the units digit of u*(-3)/(3/(-4))?
4
Let w(t) = 2*t**2 + 5*t - 2. Suppose 2*q = q - 2*v + 6, 3*q + 5*v = 13. What is the units digit of w(q)?
0
Let a = 269 - 108. What is the hundreds digit of a?
1
Let f(y) = -2*y**2 - 8*y - 5 + 15*y + y**2. Let z = 9 - 5. What is the units digit of f(z)?
7
Suppose 141 = q - 89. What is the hundreds digit of q?
2
Suppose 13*g - 985 = 8*g. What is the units digit of g?
7
Let o(l) = -6*l**2 + l. Let n be o(1). Let m be (6/n)/((-9)/30). Suppose 5*k - 13 = -3*x, x - 13 = -4*k - m. What is the units digit of x?
1
Let i(d) = 3*d - d**2 - 2*d + 5*d + 5. What is the units digit of i(6)?
5
Let n = -47 - -115. What is the units digit of n?
8
Let w = 20 + -18. Suppose 23 = w*a - 3. What is the units digit of a?
3
Let n = 12 - 15. What is the tens digit of 18 - -5 - 3/n?
2
Suppose -n + 141 = 4*a, 0 = -3*a - 0*n + 2*n + 92. Let v = -15 + a. What is the units digit of v/4 + 1/4?
5
What is the units digit of 141/18 + 1/6?
8
Let y be -2 + 0 + (-2 - -4). Let a be 2/1 - (y - -2). Suppose -2*i + 15 = -j, 0*i + i - j - 10 = a. What is the units digit of i?
5
Let j be 10/(-4)*(0 + -2). Let o(c) = 2*c + 2*c - 3*c**3 + 4*c**2 + 2*c - 3 + 2*c**3. What is the units digit of o(j)?
2
Suppose -2*a - 3*a + 215 = 0. What is the units digit of a?
3
Let b(l) = -l + 4. Let a be b(4). Suppose 5*h = 5*w + 50, 2*h + 5*w + 15 = -a. Suppose -h*y + 